t l be ((-2)/(-4))/(c/(-140)). What is the highest common factor of l and 20?
10
Suppose -234 = -i - 8*i. Let d(x) = 8*x + 4. Let j be d(6). Calculate the greatest common divisor of j and i.
26
Suppose -17*b + 22 = -15*b. Suppose b*s = 7*s + 32. What is the highest common factor of s and 8?
8
Let q = -1152 - -2346. Calculate the greatest common divisor of 6 and q.
6
Suppose -4*r = -11 + 3, -5*u + 3*r = -874. Calculate the greatest common divisor of u and 22.
22
Suppose 16 = -h - 8. Let y = -63 - h. Let z = y + 71. Calculate the greatest common divisor of z and 8.
8
Suppose 3*a - 11126 = -2*y, -148*a = -144*a - 2*y - 14830. What is the highest common divisor of 36 and a?
36
Suppose -6 = s - 4. Let g be (s - 6)*90/(-8). Let d(h) = h**3 - 3*h**2 + 4*h - 2. Let o be d(3). What is the greatest common divisor of o and g?
10
Let u(o) = -o**3 + 7*o**2 + 11*o - 67. Let d be u(6). Let n(g) = 5*g - 1. Let l be n(3). What is the greatest common divisor of l and d?
7
Suppose -5*o + 3*i + 2076 - 207 = 0, -o = -3*i - 369. Calculate the greatest common factor of 5 and o.
5
Suppose 47*v - 352 - 525 = 533. Suppose i + 3*b - 210 = 0, 4*i + 4*b - 840 = b. Calculate the greatest common factor of i and v.
30
Let a(x) = 97*x - 558. Let b be a(6). Calculate the highest common divisor of b and 1392.
24
Let f be 9*5/75 - (-154)/10. What is the highest common divisor of f and 144?
16
Let p(s) = -3*s - 6. Let y(d) = -d - 1. Let k(g) = -p(g) + y(g). Let w be k(6). What is the greatest common divisor of w and 34?
17
Let f be 891/15 - 18/(-30). What is the greatest common factor of f and 320?
20
Let z = -21 - -35. Suppose z*v = 11*v + 48. What is the greatest common divisor of 80 and v?
16
Let j(c) = -2 + 418*c - 423*c + 0 - 5. Let g = -11 + 4. Let z be j(g). What is the greatest common divisor of z and 56?
28
Let m = 1067 - 915. Let r be 3/1*(-152)/(-12). What is the greatest common factor of r and m?
38
Let o(f) = 3*f**3 + 2*f - 6. Let g be o(-3). Let y = 180 + g. Calculate the greatest common factor of y and 58.
29
Let h = 0 - -37. Suppose 5*p + 366 - 2451 = 0. Suppose p = 2*o + 47. What is the greatest common divisor of o and h?
37
Suppose 5*c = 4*i + 116 + 96, 0 = 4*i - 8. Calculate the greatest common divisor of 55 and c.
11
Suppose t = -3*b + 51 + 3, 4 = -2*b. Suppose 5*k + 3*z = t, -4*k + z = -5*k + 14. What is the greatest common divisor of 144 and k?
9
Suppose 2*v - 8910 = -7*v. Calculate the greatest common factor of v and 220.
110
Let c = 24 + -8. Let z(i) = 19*i + 12*i + 10*i - 1. Let m be z(1). What is the greatest common divisor of m and c?
8
Let o(f) = -25*f + 8. Let b(h) = -h + 1. Let i(p) = -5*b(p) + o(p). Let z be i(-1). What is the greatest common divisor of z and 253?
23
Suppose -74 = -5*c + 71. Suppose c + 781 = 3*r. Calculate the greatest common divisor of 30 and r.
30
Let a be (((-3)/(-3))/(-1))/(2/54). Suppose 4*s - 169 = t, -s - 3*t = 2*t - 58. Let i = s + a. Calculate the greatest common divisor of i and 8.
8
Suppose 0 = 2*z - u - 287, 9*z - 6*z - u = 430. Suppose 3*w - 449 + z = 0. Calculate the highest common factor of w and 68.
34
Let s be (2256/658)/((-2)/(-14)). What is the highest common divisor of s and 6?
6
Let n = 110 - 90. Let h be 1 + (180/3 - 1). Calculate the greatest common factor of h and n.
20
Suppose 6 = 14*c - 12*c. Suppose -q = c*q - 76. What is the highest common factor of 133 and q?
19
Suppose -40 = -0*n - 4*n. Suppose -2*z + 8 + n = 0. What is the highest common factor of 18 and z?
9
Let n(w) = 3*w**2 + 8*w + 5. Let x be n(-3). Let b(u) = 7*u**2 - 3*u + 2. Let v be b(1). Calculate the highest common divisor of x and v.
2
Let h(u) = -u**2 + 10*u. Suppose -3*v + 3 = 2*s - 3*s, -4*s = -2*v - 8. Suppose f + v*f = 21. Let n be h(f). What is the greatest common factor of n and 126?
21
Let p(r) = -7*r**3 - 57*r**2 + 8*r + 26. Let g be p(-9). What is the highest common divisor of g and 40?
40
Let g = 9 + -6. Suppose 6 = g*v - 0*v. Suppose z = 3*r + 152, 5*z - 811 = -0*r - v*r. Calculate the highest common factor of z and 23.
23
Let c(p) = p + 2*p + p**3 - 3 - 6*p**2 - 5 + p. Let m be c(6). What is the greatest common divisor of 16 and m?
16
Let b = 1465 - 956. Let p = -344 + b. What is the greatest common factor of 15 and p?
15
Suppose 0 = 3*o - 3*t - 129, 26*o - 22*o - 3*t - 169 = 0. Calculate the highest common factor of 24 and o.
8
Suppose 14*r = 2341 + 277. Calculate the greatest common factor of 17 and r.
17
Let a = -1174 + 1720. Calculate the greatest common divisor of 234 and a.
78
Let s = -186 + 190. Suppose -108 = -5*m + 32. What is the highest common factor of m and s?
4
Let z be (2 - 1) + -3 + (-24)/(-8). What is the highest common divisor of z and 13?
1
Let a be 7*-21*1*20/12. Let w be a/(-21) + 12/9. What is the greatest common divisor of w and 117?
13
Let y = -788 - -799. Calculate the greatest common factor of 649 and y.
11
Let p(c) be the second derivative of c**4/6 + 11*c**3/3 - 4*c**2 - 19*c. Let x be p(-13). Calculate the highest common factor of x and 308.
44
Let f be (-12)/14 - 556/(-28). What is the greatest common divisor of f and 323?
19
Let j be 2072/(-78)*-21 + (-10)/(-65). What is the greatest common divisor of 62 and j?
62
Suppose 3*n = 6, 0 = 5*b - 0*n + 3*n - 31. Let z be ((-46 - 0)*1)/1. Let x = z + 66. What is the greatest common divisor of b and x?
5
Let d be (-220752)/(-456) + (-4)/38. Suppose d*f = 479*f + 45. Suppose -4*a + 511 = 187. Calculate the greatest common divisor of a and f.
9
Let d(n) = 8*n**2 - n + 2. Let g be d(-3). Let q(f) = 2*f + 29. Let c be q(-11). What is the highest common divisor of g and c?
7
Let p(x) = 332*x**2 + 2*x + 5. Let l be p(-2). Let m be l/12 + 1/4. What is the highest common factor of 74 and m?
37
Let b be 65/(-10)*(-1 - -3). Let x = -20 - b. Let q(i) = -2*i - 1. Let y be q(x). What is the greatest common factor of 65 and y?
13
Suppose 4*l - 4 = 5*d - d, 4*l + 5*d = 4. Suppose 0*j - l = j. Let o be -2*(-21 + 4/j). Calculate the greatest common factor of o and 75.
25
Let p = -561 + 949. Let u be ((-4)/6)/(-5 - p/(-78)). Calculate the greatest common divisor of 26 and u.
26
Suppose 0 = 3*i - 5*s + 13, 5*i - 35 = -0*s - 3*s. Suppose -i*h = -w - 149, h - 2*w = -2*h + 118. What is the greatest common factor of h and 60?
12
Let c be 804 + (-21)/4 + (-15)/20. Calculate the greatest common divisor of 228 and c.
114
Suppose 4*h - 2*h - 14 = 0. Let f = -26 + 29. Suppose 3*y + f - 24 = 0. What is the greatest common factor of h and y?
7
Let a(w) = -7*w**2 + 52*w + 21. Let u be a(7). What is the highest common divisor of u and 6?
6
Suppose -65 = -6*m - 29. Suppose -15*n = -188 + 53. Calculate the greatest common divisor of m and n.
3
Suppose -4*k - 128 + 448 = 4*f, -k + 78 = 3*f. Calculate the highest common divisor of 378 and k.
27
Suppose 5*u + 2 = 2*w, -2*w - u = -w - 1. Let t be (9 + w - 2) + -1. Suppose 26 + t = 3*z. What is the greatest common factor of 99 and z?
11
Suppose -377*q + 366*q = -1100. Calculate the greatest common divisor of q and 850.
50
Let b(f) = -f**2 - 18*f - 8. Let k be b(-16). Let m be 6/k*-6*40/(-6). What is the greatest common divisor of m and 110?
10
Suppose 2*g - 256 = -2*v, 3*g - v - 384 = 4*v. Calculate the greatest common factor of g and 224.
32
Let i(u) = -u**2 + 10*u - 14. Let x be i(8). Let n(k) = -3*k - 1 + 2 + 6*k + 2. Let r be n(5). What is the highest common factor of x and r?
2
Let t = -2 - -8. Suppose -2*w + 32 - t = 5*x, 4*x = 2*w + 10. Suppose 103 = 5*k + w. What is the greatest common factor of 2 and k?
2
Suppose -5*f - 5*v - 5 = 0, 4*f + 6*v = 3*v. Let w(z) = -z**3 + 19*z**2 + 65*z + 37. Let n be w(22). What is the greatest common factor of f and n?
3
Let l = -3 - -87. Suppose 126 + l = 10*r. Calculate the greatest common factor of r and 28.
7
Let b(h) = 28*h - 2*h**2 - 4 + 2*h**2 - 31*h + h**2. Let l be b(-2). What is the highest common divisor of 48 and l?
6
Let z = -4 + 67. Let u(y) = -17*y - 163. Let j be u(-10). What is the highest common divisor of z and j?
7
Let d be -15 + 19 - 4/6*3. Suppose d*j + v - 3*v - 138 = 0, -j = v - 61. Suppose -4*s - 35 + 139 = 0. Calculate the greatest common divisor of s and j.
13
Let h = 7 - -27. Suppose 2*w - 2*f + 7*f - 29 = 0, -w + 4*f = 5. Suppose -292 - 303 = -w*n. Calculate the highest